{"id":31,"date":"2026-01-19T09:28:05","date_gmt":"2026-01-19T09:28:05","guid":{"rendered":"https:\/\/wirelax.fi\/wordpress\/?page_id=31"},"modified":"2026-02-01T20:38:57","modified_gmt":"2026-02-01T18:38:57","slug":"etusivu","status":"publish","type":"page","link":"https:\/\/wirelax.fi\/wordpress\/","title":{"rendered":"Kehoterapia WiRelax"},"content":{"rendered":"\n<figure class=\"wp-block-image size-large has-custom-border\"><img loading=\"lazy\" decoding=\"async\" width=\"1024\" height=\"724\" src=\"https:\/\/wirelax.fi\/wordpress\/wp-content\/uploads\/2026\/01\/VT-paa-1024x724.png\" alt=\"\" class=\"wp-image-189\" style=\"border-top-left-radius:21px;border-top-right-radius:21px;border-bottom-left-radius:21px;border-bottom-right-radius:21px\" srcset=\"https:\/\/wirelax.fi\/wordpress\/wp-content\/uploads\/2026\/01\/VT-paa-1024x724.png 1024w, https:\/\/wirelax.fi\/wordpress\/wp-content\/uploads\/2026\/01\/VT-paa-300x212.png 300w, https:\/\/wirelax.fi\/wordpress\/wp-content\/uploads\/2026\/01\/VT-paa-768x543.png 768w, https:\/\/wirelax.fi\/wordpress\/wp-content\/uploads\/2026\/01\/VT-paa-1536x1086.png 1536w, https:\/\/wirelax.fi\/wordpress\/wp-content\/uploads\/2026\/01\/VT-paa-2048x1448.png 2048w\" sizes=\"auto, (max-width: 1024px) 100vw, 1024px\" \/><\/figure>\n\n\n\n<p>Hei, kiva kun l\u00f6ysit sivuilleni!<br>Kehoterpia WiRelax on yhden naisen yritys, joka tarjoaa monipuoliset hyvinvointipalvelut kaikenik\u00e4isille. Palveluista l\u00f6ytyy keho-ja tunnevy\u00f6hyketerapia, vy\u00f6hyketerapeuttiset hoidot vauvoille, lapsille ja raskausaikaan, sek\u00e4 ihanat rentoutushieronnat.<\/p>\n\n\n\n<p>Ihmisen kokonaisvaltainen hyvinvointi, terveyden edist\u00e4minen ja yll\u00e4pit\u00e4minen sek\u00e4 ongelmien ennaltaehk\u00e4iseminen ovat ty\u00f6skentelyni l\u00e4ht\u00f6kohtia.<\/p>\n\n\n\n<p>Haluan auttaa sinua voimaan paremmin, yksil\u00f6llisesti, ammattitaidolla ja suurella syd\u00e4mell\u00e4. Jokainen hoito r\u00e4\u00e4t\u00e4l\u00f6id\u00e4\u00e4n juuri sinun tarpeidesi mukaan.<\/p>\n\n\n\n<p>Tervetuloa!<\/p>\n\n\n\n<div class=\"wp-block-buttons is-content-justification-left is-layout-flex wp-container-core-buttons-is-layout-fc4fd283 wp-block-buttons-is-layout-flex\">\n<div class=\"wp-block-button\"><a class=\"wp-block-button__link has-accent-4-background-color has-background has-text-align-center wp-element-button\" href=\"https:\/\/nettiaika.fi\/Wirelax\">VARAA HOITOAIKA T\u00c4ST\u00c4<\/a><\/div>\n<\/div>\n\n\n\n<p><\/p>\n\n\n\n<figure class=\"wp-block-image size-full has-custom-border\"><img loading=\"lazy\" decoding=\"async\" width=\"940\" height=\"940\" src=\"https:\/\/wirelax.fi\/wordpress\/wp-content\/uploads\/2026\/02\/tyohuone.png\" alt=\"\" class=\"wp-image-266\" style=\"border-top-left-radius:26px;border-top-right-radius:26px;border-bottom-left-radius:26px;border-bottom-right-radius:26px\" srcset=\"https:\/\/wirelax.fi\/wordpress\/wp-content\/uploads\/2026\/02\/tyohuone.png 940w, https:\/\/wirelax.fi\/wordpress\/wp-content\/uploads\/2026\/02\/tyohuone-300x300.png 300w, https:\/\/wirelax.fi\/wordpress\/wp-content\/uploads\/2026\/02\/tyohuone-150x150.png 150w, https:\/\/wirelax.fi\/wordpress\/wp-content\/uploads\/2026\/02\/tyohuone-768x768.png 768w\" sizes=\"auto, (max-width: 940px) 100vw, 940px\" \/><\/figure>\n\n\n\n<p><strong>WIRELAXIN HOITOLA<\/strong><br>Toukolantie 19<br>05200 Rajam\u00e4ki<\/p>\n\n\n\n<p>Rauhallinen ja viihtyis\u00e4 hoitola sijaitsee Rajam\u00e4ell\u00e4 omakotitalon yhteydess\u00e4. Hoitotilaan on oma erillinen sis\u00e4\u00e4nk\u00e4ynti etupihan puolelta, ja parkkipaikka l\u00f6ytyy hoitohuoneen edest\u00e4. Hoitolaan on helppo tulla liikuntarajoitteisenakin. Hoitola on katutasossa, eik\u00e4 sis\u00e4\u00e4nk\u00e4ynnill\u00e4 ole portaita tai muita esteit\u00e4.<br>L\u00f6yd\u00e4t WiRelaxin Facebookista ja Instasta nimell\u00e4 Kehoterapia WiRelax. Ota seurantaan. Ajankohtaiset asiat ja peruutusajat ilmoittelen n\u00e4ill\u00e4 kanavilla.<br>Muistathan, ett\u00e4 akuutissa tilanteessa kannattaa aina kysy\u00e4 aikoja my\u00f6s soittamalla tai tekstaamalla<br>p.045- 203 8480.<\/p>\n\n\n\n<p><strong>MAKSUTAVAT<\/strong><\/p>\n\n\n\n<p>Maksutapoina k\u00e4y yleisimm\u00e4t pankki- ja luottokortit, k\u00e4teinen, tilisiirto sek\u00e4 ePassin hyvinvointietu(hieronta), Smartumin hierontaetu ja Edenredin hierontaetu.<br>Huomioithan, ett\u00e4 ty\u00f6nantajan hyvinvointiedut k\u00e4yv\u00e4t vain hierontaan, eiv\u00e4t vy\u00f6hyketerapiaan.<\/p>\n\n\n\n<p>Virve Lukkarinen<br>Tunnevy\u00f6hyketerapeutti \u00ae<br>Vy\u00f6hyketerapeutti<br>Koulutettu hieroja<\/p>\n\n\n\n<p>Y-TUNNUS 2972244- 5<\/p>\n\n\n\n<p><\/p>\n","protected":false},"excerpt":{"rendered":"<p>Hei, kiva kun l\u00f6ysit sivuilleni!Kehoterpia WiRelax on yhden naisen yritys, joka tarjoaa monipuoliset hyvinvointipalvelut kaikenik\u00e4isille. Palveluista l\u00f6ytyy keho-ja tunnevy\u00f6hyketerapia, vy\u00f6hyketerapeuttiset hoidot vauvoille, lapsille ja raskausaikaan, sek\u00e4 ihanat rentoutushieronnat. Ihmisen kokonaisvaltainen hyvinvointi, terveyden edist\u00e4minen ja yll\u00e4pit\u00e4minen sek\u00e4 ongelmien ennaltaehk\u00e4iseminen ovat ty\u00f6skentelyni l\u00e4ht\u00f6kohtia. Haluan auttaa sinua voimaan paremmin, yksil\u00f6llisesti, ammattitaidolla ja suurella syd\u00e4mell\u00e4. Jokainen hoito r\u00e4\u00e4t\u00e4l\u00f6id\u00e4\u00e4n juuri [&hellip;]<\/p>\n","protected":false},"author":1,"featured_media":0,"parent":0,"menu_order":0,"comment_status":"closed","ping_status":"closed","template":"wirelax-template","meta":{"footnotes":""},"class_list":["post-31","page","type-page","status-publish","hentry"],"_links":{"self":[{"href":"https:\/\/wirelax.fi\/wordpress\/index.php?rest_route=\/wp\/v2\/pages\/31","targetHints":{"allow":["GET"]}}],"collection":[{"href":"https:\/\/wirelax.fi\/wordpress\/index.php?rest_route=\/wp\/v2\/pages"}],"about":[{"href":"https:\/\/wirelax.fi\/wordpress\/index.php?rest_route=\/wp\/v2\/types\/page"}],"author":[{"embeddable":true,"href":"https:\/\/wirelax.fi\/wordpress\/index.php?rest_route=\/wp\/v2\/users\/1"}],"replies":[{"embeddable":true,"href":"https:\/\/wirelax.fi\/wordpress\/index.php?rest_route=%2Fwp%2Fv2%2Fcomments&post=31"}],"version-history":[{"count":25,"href":"https:\/\/wirelax.fi\/wordpress\/index.php?rest_route=\/wp\/v2\/pages\/31\/revisions"}],"predecessor-version":[{"id":269,"href":"https:\/\/wirelax.fi\/wordpress\/index.php?rest_route=\/wp\/v2\/pages\/31\/revisions\/269"}],"wp:attachment":[{"href":"https:\/\/wirelax.fi\/wordpress\/index.php?rest_route=%2Fwp%2Fv2%2Fmedia&parent=31"}],"curies":[{"name":"wp","href":"https:\/\/api.w.org\/{rel}","templated":true}]}}