{"id":28,"date":"2026-01-19T09:25:14","date_gmt":"2026-01-19T09:25:14","guid":{"rendered":"https:\/\/wirelax.fi\/wordpress\/?page_id=28"},"modified":"2026-01-19T17:02:26","modified_gmt":"2026-01-19T17:02:26","slug":"lahjakortit","status":"publish","type":"page","link":"https:\/\/wirelax.fi\/wordpress\/?page_id=28","title":{"rendered":"Lahjakortit"},"content":{"rendered":"\n<p>Lahjakortit saat tilattua k\u00e4tev\u00e4sti t\u00e4\u00e4lt\u00e4. Lahjakortin voit valita haluamallesi summalle tai yksitt\u00e4iselle hoidolle. Voit my\u00f6s ostaa lahjakortin itsellesi, esim. sarjakortilla s\u00e4\u00e4st\u00e4t hoidoista (hieronta tai vy\u00f6hyketerapia) selv\u00e4\u00e4 rahaa.<\/p>\n\n\n\n<p>Lahjakortti on voimassa 6 kk ostop\u00e4iv\u00e4st\u00e4.<\/p>\n\n\n\n<p>S\u00e4hk\u00f6inen lahjakortti toimitetaan s\u00e4hk\u00f6postiisi, kun laskun suoritus n\u00e4kyy tilill\u00e4.<\/p>\n\n\n\n<p>Paperisen lahjakortin voit noutaa Rajam\u00e4en toimipisteest\u00e4. Sovi noudosta etuk\u00e4teen joko puhelimitse p. 045- 203 8480 tai s.postitse virve@wirelax.fi.<\/p>\n\n\n<style id=\"wpforms-css-vars-96\">\n\t\t\t\t#wpforms-96 {\n\t\t\t\t--wpforms-container-padding: 0px;\n--wpforms-container-border-width: 1px;\n--wpforms-container-border-radius: 3px;\n--wpforms-background-color: rgba(0, 0, 0, 0);\n--wpforms-field-size-input-height: 43px;\n--wpforms-field-size-input-spacing: 15px;\n--wpforms-field-size-font-size: 16px;\n--wpforms-field-size-line-height: 19px;\n--wpforms-field-size-padding-h: 14px;\n--wpforms-field-size-checkbox-size: 16px;\n--wpforms-field-size-sublabel-spacing: 5px;\n--wpforms-field-size-icon-size: 1;\n--wpforms-label-size-font-size: 16px;\n--wpforms-label-size-line-height: 19px;\n--wpforms-label-size-sublabel-font-size: 14px;\n--wpforms-label-size-sublabel-line-height: 17px;\n--wpforms-button-size-font-size: 17px;\n--wpforms-button-size-height: 41px;\n--wpforms-button-size-padding-h: 15px;\n--wpforms-button-size-margin-top: 10px;\n--wpforms-container-shadow-size-box-shadow: none;\n\t\t\t}\n\t\t\t<\/style><div class=\"wpforms-container wpforms-container-full wpforms-render-modern\" id=\"wpforms-96\"><form id=\"wpforms-form-96\" class=\"wpforms-validate wpforms-form wpforms-ajax-form\" data-formid=\"96\" method=\"post\" enctype=\"multipart\/form-data\" action=\"\/wordpress\/index.php?rest_route=%2Fwp%2Fv2%2Fpages%2F28\" data-token=\"229ccfe533bbf6894397b0a7ee8cda7b\" data-token-time=\"1776425459\"><noscript class=\"wpforms-error-noscript\">Please enable JavaScript in your browser to complete this form.<\/noscript><div id=\"wpforms-error-noscript\" style=\"display: none;\">Please enable JavaScript in your browser to complete this form.<\/div><div class=\"wpforms-field-container\"><div id=\"wpforms-96-field_1-container\" class=\"wpforms-field wpforms-field-text\" data-field-id=\"1\"><label class=\"wpforms-field-label\" for=\"wpforms-96-field_1\">Nimi (pakollinen) <span class=\"wpforms-required-label\" aria-hidden=\"true\">*<\/span><\/label><input type=\"text\" id=\"wpforms-96-field_1\" class=\"wpforms-field-medium wpforms-field-required\" name=\"wpforms[fields][1]\" aria-errormessage=\"wpforms-96-field_1-error\" aria-describedby=\"wpforms-96-field_1-description\" required><div id=\"wpforms-96-field_1-description\" class=\"wpforms-field-description\">Lahjakortin antajan nimi.<\/div><\/div><div id=\"wpforms-96-field_7-container\" class=\"wpforms-field wpforms-field-text\" data-field-id=\"7\"><label class=\"wpforms-field-label\" for=\"wpforms-96-field_7\">Tilaajan S\u00e4hk\u00f6posti <span class=\"wpforms-required-label\" aria-hidden=\"true\">*<\/span><\/label><input type=\"text\" id=\"wpforms-96-field_7\" class=\"wpforms-field-medium wpforms-field-required\" name=\"wpforms[fields][7]\" aria-errormessage=\"wpforms-96-field_7-error\" required><\/div><div id=\"wpforms-96-field_2-container\" class=\"wpforms-field wpforms-field-text\" data-field-id=\"2\"><label class=\"wpforms-field-label\" for=\"wpforms-96-field_2\">Lahjakortin saaja<\/label><input type=\"text\" id=\"wpforms-96-field_2\" class=\"wpforms-field-medium\" name=\"wpforms[fields][2]\" aria-errormessage=\"wpforms-96-field_2-error\" ><\/div><div id=\"wpforms-96-field_4-container\" class=\"wpforms-field wpforms-field-number\" data-field-id=\"4\"><label class=\"wpforms-field-label\" for=\"wpforms-96-field_4\">Summa<\/label><input type=\"number\" id=\"wpforms-96-field_4\" class=\"wpforms-field-medium\" name=\"wpforms[fields][4]\" step=\"any\" aria-errormessage=\"wpforms-96-field_4-error\" ><\/div><div id=\"wpforms-96-field_5-container\" class=\"wpforms-field wpforms-field-select wpforms-field-select-style-classic\" data-field-id=\"5\"><label class=\"wpforms-field-label\" for=\"wpforms-96-field_5\">Kortin malli ja toimitus<\/label><select id=\"wpforms-96-field_5\" class=\"wpforms-field-medium\" name=\"wpforms[fields][5]\"><option value=\"Paperinen kortti: nouto, maksu kortilla\"  class=\"choice-1 depth-1\"  >Paperinen kortti: nouto, maksu kortilla<\/option><option value=\"S\u00e4hk\u00f6inen kortti: toimitus s\u00e4hk\u00f6postilla, maksu laskulla\"  class=\"choice-2 depth-1\"  >S\u00e4hk\u00f6inen kortti: toimitus s\u00e4hk\u00f6postilla, maksu laskulla<\/option><\/select><\/div><div id=\"wpforms-96-field_3-container\" class=\"wpforms-field wpforms-field-text\" data-field-id=\"3\"><label class=\"wpforms-field-label\" for=\"wpforms-96-field_3\">Muuta tietoa<\/label><input type=\"text\" id=\"wpforms-96-field_3\" class=\"wpforms-field-medium\" name=\"wpforms[fields][3]\" aria-errormessage=\"wpforms-96-field_3-error\" ><\/div><\/div><!-- .wpforms-field-container --><div class=\"wpforms-submit-container\" ><input type=\"hidden\" name=\"wpforms[id]\" value=\"96\"><input type=\"hidden\" name=\"page_title\" value=\"\"><input type=\"hidden\" name=\"page_url\" value=\"https:\/\/wirelax.fi\/wordpress\/index.php?rest_route=\/wp\/v2\/pages\/28\"><input type=\"hidden\" name=\"url_referer\" value=\"\"><button type=\"submit\" name=\"wpforms[submit]\" id=\"wpforms-submit-96\" class=\"wpforms-submit\" data-alt-text=\"Tilausta l\u00e4hetet\u00e4\u00e4n\" data-submit-text=\"Tilaa\" aria-live=\"assertive\" value=\"wpforms-submit\">Tilaa<\/button><img loading=\"lazy\" decoding=\"async\" src=\"https:\/\/wirelax.fi\/wordpress\/wp-content\/plugins\/wpforms-lite\/assets\/images\/submit-spin.svg\" class=\"wpforms-submit-spinner\" style=\"display: none;\" width=\"26\" height=\"26\" alt=\"Loading\"><\/div><\/form><\/div>  <!-- .wpforms-container -->\n","protected":false},"excerpt":{"rendered":"<p>Lahjakortit saat tilattua k\u00e4tev\u00e4sti t\u00e4\u00e4lt\u00e4. Lahjakortin voit valita haluamallesi summalle tai yksitt\u00e4iselle hoidolle. Voit my\u00f6s ostaa lahjakortin itsellesi, esim. sarjakortilla s\u00e4\u00e4st\u00e4t hoidoista (hieronta tai vy\u00f6hyketerapia) selv\u00e4\u00e4 rahaa. Lahjakortti on voimassa 6 kk ostop\u00e4iv\u00e4st\u00e4. S\u00e4hk\u00f6inen lahjakortti toimitetaan s\u00e4hk\u00f6postiisi, kun laskun suoritus n\u00e4kyy tilill\u00e4. Paperisen lahjakortin voit noutaa Rajam\u00e4en toimipisteest\u00e4. Sovi noudosta etuk\u00e4teen joko puhelimitse p. 045- [&hellip;]<\/p>\n","protected":false},"author":1,"featured_media":0,"parent":0,"menu_order":0,"comment_status":"closed","ping_status":"closed","template":"wirelax-template","meta":{"footnotes":""},"class_list":["post-28","page","type-page","status-publish","hentry"],"_links":{"self":[{"href":"https:\/\/wirelax.fi\/wordpress\/index.php?rest_route=\/wp\/v2\/pages\/28","targetHints":{"allow":["GET"]}}],"collection":[{"href":"https:\/\/wirelax.fi\/wordpress\/index.php?rest_route=\/wp\/v2\/pages"}],"about":[{"href":"https:\/\/wirelax.fi\/wordpress\/index.php?rest_route=\/wp\/v2\/types\/page"}],"author":[{"embeddable":true,"href":"https:\/\/wirelax.fi\/wordpress\/index.php?rest_route=\/wp\/v2\/users\/1"}],"replies":[{"embeddable":true,"href":"https:\/\/wirelax.fi\/wordpress\/index.php?rest_route=%2Fwp%2Fv2%2Fcomments&post=28"}],"version-history":[{"count":4,"href":"https:\/\/wirelax.fi\/wordpress\/index.php?rest_route=\/wp\/v2\/pages\/28\/revisions"}],"predecessor-version":[{"id":104,"href":"https:\/\/wirelax.fi\/wordpress\/index.php?rest_route=\/wp\/v2\/pages\/28\/revisions\/104"}],"wp:attachment":[{"href":"https:\/\/wirelax.fi\/wordpress\/index.php?rest_route=%2Fwp%2Fv2%2Fmedia&parent=28"}],"curies":[{"name":"wp","href":"https:\/\/api.w.org\/{rel}","templated":true}]}}